 derivative of i**4/2 + 3*i**3/2 + 4*i**2 + 2110*i. What is x(-2)?
14
Let g(b) = b**3 + b**2 - b + 1. Let p = -24 + 23. Let x(a) = 11*a - 6*a + 5*a**3 + 2 - 18*a. Let y(k) = p*x(k) + 6*g(k). Determine y(-5).
-6
Let l(x) = 67 - x**3 - x**2 - 62 - 3*x**2. Let c = -16 + 16. Suppose 10*w - 8*w + 8 = c. What is l(w)?
5
Let q(i) = 13*i**2 - i**3 - 3*i**2 + 0*i + 10*i + 6. Let r = -32940 - -32951. What is q(r)?
-5
Let s(p) = p**2 - 5*p - 5. Suppose -9*j + 6*j = -168. Suppose 4*w + j = 2*m, -m + 0*w = 2*w - 24. Let t = m + -20. Determine s(t).
1
Let h(z) = z**3 + 3*z**2 + 2*z. Let s(g) = g + 8. Let v be 18 - (22/8 + (-1)/(-4)). Let o be s(v). Let i = 21 - o. Give h(i).
0
Let i(q) = -3*q**2 + 77*q - 175. Let l(h) = -2*h**2 + 51*h - 113. Let o(n) = -5*i(n) + 8*l(n). Determine o(22).
-7
Let o(y) be the third derivative of 1/6*y**3 - 1/24*y**4 + 3*y - 2*y**2 + 0. Give o(5).
-4
Let a(d) = d**3 + 4*d**2 + 2*d + 2. Let w be a(-3). Suppose -10 + 1 = -z + 3*n, w*z - 33 = 3*n. Let y(h) = 1 + 3 - h**3 + 2*h**2 - h + 4*h**2. Give y(z).
-2
Suppose -4*v + 9*v = 20. Suppose -20 = -v*w - 24. Let r(z) = -16*z - 1. What is r(w)?
15
Let l = 149104 - 149106. Let j(s) = -7*s + 1. Let i(r) = -r + 1. Let u(z) = 4*i(z) - j(z). Give u(l).
-3
Suppose 0*t = v - 2*t - 4, 0 = 5*v - 4*t - 8. Suppose 9*y + 13 - 22 = v. Let s(p) = 6*p**2. Determine s(y).
6
Let w be (-3 + (1 - 0))*56/(-16). Let t(l) = w*l - l - l - 8 - l. Let k = -54 + 60. Determine t(k).
16
Let n(b) = 21*b**2 - 34*b + 81 - 22*b**2 - 146 - 96. Calculate n(-28).
7
Suppose 4*l + 2*w - 6 = 0, 15*l - 3*w = 10*l + 35. Let s(g) be the third derivative of 1/6*g**3 + 0 - 5/12*g**l - 4*g**2 + 0*g. What is s(-1)?
11
Let j be 966/207*(-15)/25*(-10)/(-4). Let r(f) = -2*f**3 - 14*f**2 + 3*f + 4. Give r(j).
-17
Let s(d) be the second derivative of -d**4/12 + 8*d**3/3 - 8*d**2 + 2249*d. Calculate s(4).
32
Let d(i) be the second derivative of 1/2*i**3 - 11/2*i**2 - 45 + 2*i. Calculate d(9).
16
Let y(q) = -3*q + 14. Let j be (-5 - 459/(-85))*10. Give y(j).
2
Let a be 2/(-8) + 18/72. Let m(q) be the second derivative of -3*q**2 + 0 + 1/6*q**3 + 25*q. What is m(a)?
-6
Let d(f) be the third derivative of 1/8*f**4 - 1/30*f**5 + 0*f + 2*f**2 + 0 + 0*f**3. Let t(g) = g**2 - 7*g + 9. Let c be t(6). Give d(c).
-9
Let z(y) = -y**3 + 6*y**2 - 3*y - 1. Let v(m) = m**3 - 7*m**2 + 5*m - 35. Let n be v(7). Let l(i) = 41*i + 6. Let c be l(n). Calculate z(c).
-19
Let o(b) be the first derivative of 2*b**3/3 + 35*b**2/2 - 24*b - 94. Let w be o(-18). Let j(x) = -7*x - 9. Calculate j(w).
33
Let n be ((-32 - -26) + 0/(-2))*(-3)/3. Let s(a) = -a**3 + 4*a**2 - a + 9. Calculate s(n).
-69
Let q be 5*(3 + -4) - -12. Let k be (7/(q/8))/((-8)/12). Let o(n) = n + 10. Give o(k).
-2
Let i(j) = -28*j - 12. Suppose 20 = -416*s + 412*s. Give i(s).
128
Let p(b) = 71*b**2 + 3. Let m(t) = 24*t**2 + 1. Suppose l - 21 = -2*y, 0*l + 18 = 3*l - 3*y. Let w(z) = l*m(z) - 4*p(z). What is w(-1)?
-21
Let o(m) = 2664 + 2647 - 5238 - 74*m. Let w be o(1). Let t(y) = -4*y - 1 - 5*y + 3*y. Determine t(w).
5
Let z be (19/38)/((-2)/8). Let s(y) = -11*y**2 + y - 2. Let p(b) = -1 + 2 + 7*b**2 - 49*b + 48*b. Let c(i) = -8*p(i) - 5*s(i). Calculate c(z).
-8
Let t(f) be the third derivative of -7*f**4/24 + 49*f**3/6 + 4*f**2 - 144. Determine t(8).
-7
Let g(a) = 4*a - 38. Let s(h) = -174*h - 326. Let r be s(-2). Calculate g(r).
50
Let m(s) = 16*s + 174. Let u be m(-12). Let c be 3 + ((-130)/45 - (-2)/u). Let b(f) = -f**2 - 2. Give b(c).
-2
Let c(b) = -13*b**2 + 33*b + 12. Let x(n) = 7*n**2 - 18*n - 6. Let z(r) = -6*c(r) - 11*x(r). What is z(-3)?
3
Suppose -10*h = -2*q + 3 + 19, 3*q = -2*h - 1. Let v(g) = 7*g + 2*g**2 + 4*g**2 - 4*g. Determine v(h).
18
Let q = -13369 + 13373. Let s(x) = -x**3 + 11*x**2 + 2*x - 8. Let k(j) = -j**3 + 10*j**2 + j - 7. Let t(p) = -5*k(p) + 4*s(p). What is t(q)?
-17
Suppose -3*y + 22 = 2*t + 2*y, -3*t + 3*y = 9. Let j(p) be the third derivative of 11*p**5/60 - p**3/6 + p**2 - 4*p - 104. Calculate j(t).
10
Let q be (1*(-9)/6)/(12/24). Let t(w) be the second derivative of -w**5/20 - 5*w**4/12 + w**3/6 - 2*w**2 + 261*w. Determine t(q).
-25
Suppose 0 = 4*w + 4*b + 8, -2*b + 8 = -17*w + 15*w. Let g(p) = 4*p - 1. Give g(w).
-13
Let c(f) = -3*f**2 - f + 8. Let n(q) = -13*q**2 - 4*q + 33. Let w(b) = 9*c(b) - 2*n(b). Suppose 55*j + 234 = -41. What is w(j)?
-14
Suppose -2*u + a + 36 = 0, 4*a = -11*u + 14*u - 64. Let l(s) = -s**2 + 19*s - 54. Determine l(u).
-6
Suppose 0*t = -2*b - 5*t, 0 = 4*b - 4*t - 28. Suppose 4*f - b*i + 2 = 0, -3*f = -0*f + 3*i - 12. Let l(h) = 7 - 49*h + 97*h + 2*h**3 - 4 - 52*h. What is l(f)?
11
Let t(q) be the third derivative of q**4/24 + 4*q**3/3 + q**2. Let x be -71 + 65 + -1 + 9. Suppose -4*f - 20 = 4*g, -x*g + 4*f + 15 = -5. What is t(g)?
8
Let l(h) = h - 15. Let a(w) = 1. Let f(x) = 2*a(x) + l(x). Let q(b) = 1583*b - 20574. Let y be q(13). Give f(y).
-8
Let g = 580 - 578. Let u(s) = 2*s**2 - 7*s + 6. Give u(g).
0
Let v(l) be the third derivative of l**4/12 - l**3/6 - 6694*l**2. Give v(-13).
-27
Suppose 0 = -3*j - 15, 0 = -2*v - j - 6 - 3. Let i(f) be the second derivative of 1/20*f**5 + 0*f**3 - 1/6*f**4 + 0 + f**2 - 74*f. Give i(v).
-14
Suppose 58 = 2*r + 4. Let m(s) = 0*s - 26*s**2 - 2 + r*s**2 - 11*s. Let i be m(11). Let d(f) = -f - 2. Calculate d(i).
0
Let n(x) = x**3 + 8*x**2 - x + 9. Let a(f) = 2*f**3 - 20*f**2 - 21*f + 2. Let g be a(11). Suppose 5*q - g = h, -4*h - 5*q = -9*q + 36. Give n(h).
17
Let a(f) = f**2 + 24*f + 56. Let i = 17757 - 17777. Determine a(i).
-24
Let a(w) be the third derivative of -w**5/60 + 7*w**4/24 + 2*w**3/3 - w**2. Suppose -3*t = 5*i - 2, 5*i + 6*t = t. Let c be (10 + 4 + -8)*i. Determine a(c).
10
Let y(g) be the first derivative of 10 - 1/6*g**3 - 27*g - 3*g**2. Let j(b) be the first derivative of y(b). Determine j(-3).
-3
Suppose -5*w + 59 = -4*o, -110 + 98 = -4*w. Let m(p) = -16*p - 175. Give m(o).
1
Let x = -21 + 22. Let m(k) = 33*k - k**2 + x - 45*k - k**2. Let o be m(-6). Let v(c) = c**2 + 1. Determine v(o).
2
Let z(m) = -m**2 - 9*m - 26. Let a be (0 + 4)*(-13 + (-405)/(-36)). Determine z(a).
-12
Let w(z) = -25 + 59654*z**3 - z + 14*z**2 + 8 - 59653*z**3. Calculate w(-14).
-3
Let f = 111 + -111. Let c = 6 + f. Let i(w) = 2 + 5 + 2 - w. What is i(c)?
3
Suppose 0 = 3*x - 130 - 203. Let r = -120 + x. Let d(f) = f**2 + 7*f. Determine d(r).
18
Suppose -6*d = -2*d + 12. Let c(x) = -x**3 - 12*x**2 + 8*x + 14. Let u(i) = -3*i**3 - 38*i**2 + 25*i + 45. Let k(m) = -16*c(m) + 5*u(m). Calculate k(d).
1
Let r(h) be the first derivative of h**4/6 - 4*h**3/3 + 3*h**2/2 + 304*h + 111. Let l(k) be the first derivative of r(k). Calculate l(4).
3
Let l(r) = r + 12*r**2 + 2088 + 3*r**3 - 2*r**3 - 2067. Calculate l(-12).
9
Let z(l) be the third derivative of l**5/12 + 4*l**3/3 - 2*l**2 + 1. Let g(a) = -8*a**2 + a - 15. Let t(n) = -3*g(n) - 5*z(n). What is t(-5)?
-5
Let j be 176/28 - 3 - (-4)/(-14). Suppose 3*b - 2*k = 4*b, 0 = -j*b + k + 35. Let o(f) = f**2 - 12*f + 7. Give o(b).
-13
Let r(k) = k**3 - 29*k**2 - k + 47. Let g = -4228 - -4257. What is r(g)?
18
Let o(k) be the third derivative of -k**4/3 + 921*k**2. Suppose 5*f - 3*t + 6*t - 11 = 0, 0 = 2*f + 5*t + 7. Suppose 1 = -q + f. Calculate o(q).
-24
Let m(v) be the third derivative of -7*v**4/24 + 13*v**3/3 + 12*v**2 - 98*v. Give m(-11).
103
Suppose 4*d + 8*d = 48. Suppose 15 = 3*n + 3*q - 6, -d*n + 3*q = -21. Let m(v) = -n + 5 + 8 - 3 - 2*v. Give m(3).
-2
Let j(b) be the third derivative of -7*b**4/24 - 3*b**3/2 - 488*b**2. Determine j(-1).
-2
Let t = -3130 + 3132. Let b(l) = -l**3 + l**2 - 6*l + 3. Determine b(t).
-13
Let m(z) = -9*z + 1318 - 1280 + 6*z + 2*z. What is m(0)?
38
Let z(n) be the third derivative of n**6/360 - n**5/120 - 25*n**4/24 + 167*n**3/6 + 173*n**2. Let b(i) be the first derivative of z(i). What is b(0)?
-25
Suppose 495*h = 500*h. Let o(f) be the second derivative of -1/6*f**3 + h*f**2 + 0 + 49*f. Determine o(6).
-6
Let b(o) = 12*o - 118. Let j(x) = -x + 32. Let k(y) = b(y) + j(y). Calculate k(7).
-9
Let g(i) = 24*i**3 - i**2. Let u(l) = 3*l**2 - l - 9. Let t be u(3). Let q = t + -14. Calculate g(q).
23
Let m(p) be the second derivative of 1/12*p**4 + 3 + 3*p + 3*p**2 + 1/2*p**3. What is m(-5)?
16
Let c = -146 - -149. Let s(f) = c - f - 3 - 15.